ase 9.
-55370
-638 (base 12) to base 16
-38c
100535623 (base 7) to base 11
3341284
Convert d6025 (base 14) to base 13.
150a90
Convert a67624 (base 11) to base 7.
20343555
What is -154157 (base 9) in base 13?
-34273
What is a99918 (base 11) in base 4?
12230203212
-2c652a (base 15) to base 10
-2147665
What is -41350222 (base 6) in base 10?
-1196294
What is -141300042 (base 6) in base 11?
-168a889
What is -1130231320 (base 5) in base 15?
-36155a
Convert -38927 (base 15) to base 16.
-2c2c9
Convert 415a02 (base 11) to base 8.
2426130
What is 1001000010010101011 (base 2) in base 7?
2342200
What is -74921 (base 12) in base 10?
-153385
Convert -74169 (base 10) to base 7.
-426144
Convert 131201342 (base 6) to base 9.
4764728
What is 2739c7 (base 13) in base 11?
59a383
Convert -1374b75 (base 12) to base 15.
-51b712
Convert -43d527 (base 14) to base 13.
-628478
-52533322 (base 6) to base 16
-177212
What is -195318 (base 10) in base 6?
-4104130
Convert -1008573 (base 10) to base 4.
-3312032331
4120a7 (base 11) to base 6
22103024
15732263 (base 8) to base 2
1101111011010010110011
15694a (base 13) to base 12
21607b
Convert -2221121120 (base 3) to base 12.
-29706
-52635 (base 7) to base 12
-7643
-201022201220 (base 3) to base 9
-638656
Convert -158678 (base 9) to base 6.
-2034455
Convert 14466212 (base 8) to base 6.
154455002
-176016 (base 8) to base 2
-1111110000001110
What is -216543265 (base 7) in base 8?
-62133074
4c2334 (base 13) to base 11
1042056
Convert -12414015 (base 6) to base 14.
-a8215
Convert -11111010011001000 (base 2) to base 14.
-34a12
What is 104144030 (base 6) in base 11?
1074596
-1000002120002 (base 3) to base 6
-15233002
-110033022 (base 4) to base 10
-82890
What is -4c4a9 (base 15) in base 10?
-244059
What is -9bcf68 (base 16) in base 15?
-d6a801
Convert 10001101011001000010 (base 2) to base 3.
1002102102120
What is 40034 (base 5) in base 8?
4727
Convert -222001012121 (base 3) to base 13.
-14c449
What is -33b412 (base 16) in base 7?
-40541550
10203201303 (base 5) to base 14
159d095
-91aaa (base 12) to base 15
-3b417
What is 321223210 (base 4) in base 15?
4a00a
Convert -9bdd81 (base 16) to base 2.
-100110111101110110000001
-307cb (base 14) to base 2
-11100100000111111
8014296 (base 11) to base 7
231431266
45336303 (base 8) to base 2
100101011011110011000011
2211010011120 (base 3) to base 9
2733146
What is 63898 (base 11) in base 5?
10433124
-111022001220 (base 3) to base 15
-5285c
Convert ec4184 (base 16) to base 14.
20b083a
What is -31b048 (base 15) in base 11?
-1376628
What is -54a98 (base 15) in base 2?
-1000001101011011010
169394 (base 15) to base 10
1094314
What is -176260 (base 8) in base 12?
-31528
What is 186533 (base 9) in base 14?
30586
Convert 101010111200120 (base 3) to base 10.
5383437
-3bcfa8 (base 16) to base 9
-7333835
1012101130 (base 4) to base 13
a1023
-a0c9a (base 15) to base 3
-221212100101
Convert -11646477 (base 8) to base 11.
-14aa167
-5400235 (base 7) to base 8
-2400355
What is -11322420 (base 5) in base 7?
-614231
Convert a5a212 (base 14) to base 3.
101112102020120
2760400 (base 8) to base 11
491994
-413a7 (base 12) to base 3
-11022220201
What is -2022550 (base 6) in base 5?
-11042141
Convert 44533011 (base 6) to base 9.
2476507
What is 110001110010110001 (base 2) in base 13?
71aa9
What is 51100361 (base 7) in base 15?
58ee5b
Convert -9563713 (base 10) to base 2.
-100100011110111001000001
-200002202012 (base 3) to base 2
-1010110111111001001
What is -8210 (base 11) in base 3?
-112221202
-11898677 (base 10) to base 13
-2607b4b
What is -124344144 (base 5) in base 10?
-621799
Convert 450600 (base 7) to base 13.
2a276
Convert -120220020120 (base 3) to base 11.
-1a4111
Convert -233130030 (base 4) to base 15.
-3c896
-47173 (base 9) to base 12
-16286
505334 (base 7) to base 8
247642
Convert 2605363 (base 9) to base 6.
50243133
42211442 (base 5) to base 9
584267
-42426 (base 9) to base 6
-333510
What is 1189a2 (base 12) in base 6?
10034322
Convert -16231035 (base 9) to base 6.
-445455005
301021201 (base 4) to base 16
31261
203b63 (base 12) to base 6
14451403
Convert 101110010001100010000011 (base 2) to base 9.
24737741
What is -5368228 (base 11) in base 16?
-9009ec
Convert 11212233 (base 4) to base 6.
254143
What is 320223021 (base 4) in base 6?
4550413
Convert -3c0b40 (base 15) to base 13.
-7a1792
Convert -170b6 (base 12) to base 4.
-20003022
Convert -298219 (base 10) to base 4.
-1020303223
Convert 158a2 (base 14) to base 4.
31021112
Convert 17cb67 (base 13) to base 3.
1010110101202
256764 (base 9) to base 6
3201434
Convert 11c31c (base 14) to base 13.
184724
Convert -8d4115 (base 16) to base 2.
-100011010100000100010101
What is -383454 (base 10) in base 6?
-12115130
8a5a64 (base 11) to base 3
2201022002022
What is -1677a00 (base 13) in base 8?
-33572213
What is -c8703 (base 13) in base 4?
-1120100112
Convert 10100001011100011011 (base 2) to base 10.
661275
Convert -50354421 (base 7) to base 15.
-579069
What is -2315231 (base 7) in base 16?
-46ca3
Convert 20300032103 (base 4) to base 8.
10601623
202144242 (base 5) to base 13
228849
Convert -222111110210000 (base 3) to base 16.
-d6e264
Convert -200212001101101 (base 3) to base 6.
-554431144
What is -12220110111 (base 3) in base 5?
-12204443
What is 23521 (base 6) in base 14?
1373
Convert -32414051 (base 6) to base 12.
-3a7327
Convert 13b1c9 (base 14) to base 2.
10100110111001101101
What is 86367a9 (base 11) in base 9?
31524042
-158135 (base 11) to base 10
-245063
Convert 10202011002212 (base 3) to base 15.
294dbb
-970bb6 (base 13) to base 2
-1101100001001000010100
What is 34121423 (base 5) in base 13?
a72c5
What is 1050200 (base 10) in base 5?
232101300
What is 776118 (base 11) in base 3?
2022220011202
Convert 5aa8 (base 12) to base 8.
23740
Convert -2110312331 (base 4) to base 10.
-609725
Convert 2013223312 (base 4) to base 10.
555766
3433165 (base 7) to base 6
13103451
What is -4040421 (base 8) in base 2?
-100000100000100010001
23499a (base 12) to base 10
568198
Convert -11111010100011001 (base 2) to base 16.
-1f519
1311002331 (base 4) to base 14
c6a05
-22111211021102 (base 3) to base 8
-21203175
31342203 (base 5) to base 13
92447
-184188 (base 12) to base 13
-11a044
Convert -831b18 (base 13) to base 6.
-145331052
What is -858897 (base 10) in base 9?
-1548160
Convert 332511 (base 6) to base 16.
6cbb
What is 753946 (base 12) in base 5?
433231123
Convert -101110000111000110001 (base 2) to base 12.
-60a495
Convert -486466 (base 13) to base 2.
-110100101110001110010
626146 (base 11) to base 16
f50e1
Convert 15105722 (base 8) to base 12.
11a0a42
113541451 (base 6) to base 10
2143975
7205d (base 15) to base 12
155051
Convert 10231240 (base 7) to base 5.
210133304
Convert -212113031 (base 4) to base 3.
-21222112202
What is 15023021 (base 6) in base 13?
151105
What is -1423035304 (base 6) in base 5?
-13440013310
-63514 (base 14) to base 13
-85166
-43017 (base 11) to base 12
-30267
What is -3100122203 (base 4) in base 15?
-11ce12
What is -15451823 (base 9) in base 3?
-112111201220210
What is 1130627 (base 9) in base 10?
610684
Convert -8abe9 (base 16) to base 6.
-20103001
Convert -2116760 (base 8) to base 7.
-4541262
-20310301312 (base 4) to base 9
-4315261
What is 62710 (base 11) in base 4?
112103212
What is 2867506 (base 9) in base 6?
53511310
Convert -100110110101111011111 (base 2) to base 14.
-251bc3
32790 (base 12) to base 4
100103130
What is -444883 (base 11) in base 13?
-1baa21
5637b1 (base 12) to base 10
1374901
Convert -1470620 (base 10) to base 5.
-334024440
What is 2220230200 (base 4) in base 2?
10101000101100100000
-11011110010001010111 (base 2) to base 3
-1201020212101
Convert 667364 (base 10) to base 12.
282258
Convert 236d3 (base 16) to base 9.
241040
81ca1c (base 13) to base 10
3026984
What is 115011 (base 7) in base 14?
78b1
What is -3334525 (base 8) in base 10?
-899413
What is 3240a (base 15) in base 2?
100110111100101111
What is 5c8a3 (base 14) in base 5?
24223334
What is -23b96 (base 12) in base 11?
-33369
What is 4dfe4 (base 16) in base 7?
2500241
2322133143 (base 5) to base 7
62542326
Convert 4890882 (base 10) to base 7.
56400063
Convert -1001020211 (base 3) to base 14.
-7712
Convert -880767 (base 9) to base 15.
-a5a8d
Convert 51676c (base 14) to bas